 8 divide 1848?
True
Does 35 divide 3395?
True
Is 16 a factor of 1502?
False
Is 1559 a multiple of 80?
False
Does 28 divide 1568?
True
Is 17 a factor of 267?
False
Is 191 a factor of 39423?
False
Does 10 divide 18740?
True
Does 6 divide 1176?
True
Is 13777 a multiple of 23?
True
Is 24 a factor of 17688?
True
Is 232 a factor of 22968?
True
Does 5 divide 175?
True
Is 10 a factor of 4338?
False
Does 11 divide 3454?
True
Is 645 a multiple of 5?
True
Does 3 divide 3254?
False
Does 7 divide 5715?
False
Is 27852 a multiple of 17?
False
Does 36 divide 108?
True
Is 561 a multiple of 6?
False
Does 9 divide 1589?
False
Is 3 a factor of 47?
False
Is 4 a factor of 2264?
True
Is 900 a multiple of 15?
True
Is 2726 a multiple of 20?
False
Is 40 a factor of 1246?
False
Is 7 a factor of 693?
True
Is 16779 a multiple of 7?
True
Is 30 a factor of 28440?
True
Is 83 a multiple of 3?
False
Is 28 a factor of 65576?
True
Is 71 a factor of 8733?
True
Is 29 a factor of 4437?
True
Does 4 divide 84?
True
Is 3 a factor of 2220?
True
Does 39 divide 976?
False
Is 44121 a multiple of 25?
False
Is 145 a factor of 2610?
True
Is 287 a multiple of 64?
False
Is 38645 a multiple of 131?
True
Is 90 a factor of 5940?
True
Does 29 divide 638?
True
Is 61 a factor of 793?
True
Is 37 a factor of 4810?
True
Is 73040 a multiple of 16?
True
Is 363 a multiple of 4?
False
Does 6 divide 1092?
True
Is 238 a multiple of 13?
False
Does 5 divide 9862?
False
Is 13 a factor of 42166?
False
Does 7 divide 210?
True
Is 1545 a multiple of 15?
True
Does 44 divide 10700?
False
Is 9 a factor of 20907?
True
Is 2 a factor of 66?
True
Does 7 divide 546?
True
Is 36 a factor of 38844?
True
Is 14 a factor of 54768?
True
Does 11 divide 4697?
True
Is 71 a factor of 1349?
True
Is 18 a factor of 628?
False
Is 14144 a multiple of 221?
True
Is 22 a factor of 22555?
False
Does 23 divide 230?
True
Is 82 a factor of 3362?
True
Is 10899 a multiple of 97?
False
Is 13 a factor of 1565?
False
Is 1029 a multiple of 21?
True
Is 3 a factor of 243?
True
Does 18 divide 23211?
False
Is 12 a factor of 1021?
False
Is 55 a factor of 1034?
False
Does 12 divide 212?
False
Is 2 a factor of 93?
False
Does 49 divide 931?
True
Does 144 divide 66667?
False
Is 13 a factor of 6435?
True
Is 22 a factor of 1672?
True
Is 4020 a multiple of 12?
True
Is 71 a multiple of 2?
False
Is 1278 a multiple of 176?
False
Does 17 divide 47?
False
Is 39 a factor of 929?
False
Is 17 a factor of 4386?
True
Is 34 a factor of 5202?
True
Is 28567 a multiple of 49?
True
Is 7 a factor of 18986?
False
Does 17 divide 33?
False
Is 1939 a multiple of 13?
False
Is 439 a multiple of 17?
False
Does 23 divide 99?
False
Does 32 divide 418?
False
Does 65 divide 780?
True
Is 3 a factor of 75?
True
Does 6 divide 54?
True
Is 137 a factor of 11919?
True
Does 30 divide 1270?
False
Is 5 a factor of 780?
True
Does 36 divide 2436?
False
Is 46 a multiple of 5?
False
Is 18252 a multiple of 156?
True
Is 672 a multiple of 28?
True
Does 2 divide 834?
True
Is 3491 a multiple of 64?
False
Does 48 divide 46764?
False
Does 21 divide 80955?
True
Is 36477 a multiple of 11?
False
Is 13 a factor of 975?
True
Is 9 a factor of 3051?
True
Is 2128 a multiple of 56?
True
Does 31 divide 22069?
False
Is 10 a factor of 1060?
True
Is 10310 a multiple of 39?
False
Is 21 a factor of 13019?
False
Does 28 divide 1288?
True
Does 37 divide 21793?
True
Does 5 divide 805?
True
Is 2 a factor of 5611?
False
Is 8364 a multiple of 17?
True
Is 4448 a multiple of 8?
True
Is 13 a factor of 7696?
True
Is 468 a multiple of 117?
True
Is 26 a factor of 7467?
False
Is 1218 a multiple of 21?
True
Does 9 divide 78178?
False
Is 809 a multiple of 17?
False
Does 5 divide 264?
False
Is 23 a factor of 345?
True
Is 4851 a multiple of 3?
True
Is 2404 a multiple of 69?
False
Is 10452 a multiple of 78?
True
Is 38976 a multiple of 16?
True
Is 1749 a multiple of 18?
False
Is 247 a multiple of 13?
True
Is 31369 a multiple of 13?
True
Does 131 divide 1310?
True
Is 464 a multiple of 7?
False
Does 47 divide 4512?
True
Is 5337 a multiple of 9?
True
Is 30 a multiple of 5?
True
Is 2 a factor of 117?
False
Does 9 divide 3740?
False
Does 11 divide 2224?
False
Does 68 divide 390?
False
Does 11 divide 17930?
True
Is 1755 a multiple of 15?
True
Does 6 divide 3402?
True
Is 19 a factor of 167?
False
Is 740 a multiple of 14?
False
Is 2440 a multiple of 20?
True
Is 63 a factor of 408?
False
Is 117142 a multiple of 37?
True
Does 26 divide 2679?
False
Is 17 a factor of 2210?
True
Does 36 divide 4320?
True
Does 16 divide 352?
True
Is 252 a multiple of 36?
True
Is 627 a multiple of 11?
True
Is 94 a multiple of 5?
False
Is 13 a factor of 23296?
True
Is 10840 a multiple of 84?
False
Is 14 a factor of 1190?
True
Does 66 divide 8712?
True
Is 160 a factor of 1760?
True
Is 53 a factor of 3339?
True
Is 1981 a multiple of 31?
False
Is 123 a factor of 65179?
False
Is 2861 a multiple of 20?
False
Does 5 divide 756?
False
Is 17 a factor of 997?
False
Does 97 divide 7805?
False
Does 292 divide 8882?
False
Is 1176 a multiple of 21?
True
Is 874 a multiple of 23?
True
Is 1727 a multiple of 15?
False
Does 11 divide 147?
False
Is 57507 a multiple of 19?
False
Does 12 divide 29439?
False
Does 8 divide 1016?
True
Is 220 a factor of 440?
True
Does 7 divide 5663?
True
Does 11 divide 22042?
False
Does 18 divide 9173?
False
Is 276 a multiple of 69?
True
Is 314 a multiple of 15?
False
Is 34 a factor of 2278?
True
Does 112 divide 1568?
True
Is 15 a factor of 892?
False
Is 121 a factor of 484?
True
Does 68 divide 6460?
True
Is 4079 a multiple of 118?
False
Does 56 divide 2912?
True
Does 9 divide 52722?
True
Does 108 divide 17246?
False
Does 16 divide 2576?
True
Is 27 a factor of 2754?
True
Is 14 a factor of 1663?
False
Does 2 divide 173?
False
Is 263 a multiple of 2?
False
Is 27224 a multiple of 41?
True
Is 7 a factor of 20594?
True
Is 75 a factor of 75?
True
Is 1063 a multiple of 11?
False
Does 3 divide 51?
True
Does 3 divide 30?
True
Is 413 a multiple of 11?
False
Does 48 divide 9408?
True
Is 70 a factor of 8508?
False
Is 14986 a multiple of 13?
False
Is 21 a factor of 12075?
True
Is 17 a factor of 391?
True
Is 31 a factor of 15097?
True
Does 73 divide 219?
True
Is 32484 a multiple of 28?
False
Is 4784 even?
True
Is 15 a factor of 3065?
False
Does 73 divide 4739?
False
Does 17 divide 68?
True
Does 10 divide 1140?
True
Is 8 a factor of 4871?
False
Is 950 a multiple of 50?
True
Is 13 a factor of 4710?
False
Is 115 a factor of 3680?
True
Does 14 divide 4795?
False
Is 3208 a multiple of 7?
False
Does 17 divide 200?
False
Is 15 a factor of 530?
False
Is 976 a multiple of 61?
True
Is 41 a factor of 3939?
False
Is 22 a factor of 1914?
True
Does 8 divide 3434?
False
Is 1300 a multiple of 72?
False
Is 101 a factor of 23028?
True
Is 12 a factor of 3347?
False
Is 1578 a multiple of 4?
False
Is 1947 a multiple of 18?
False
Is 8092 a multiple of 14?
True
Does 5 divide 23575?
True
Is 8 a factor of 592?
True
Does 47 divide 45346?
False
Is 4 a factor of 156?
True
Is 76 a factor of 60377?
False
Is 17 a factor of 15657?
True
Is 44 a factor of 22660?
True
Is 1826 a multiple of 65?
False
Is 1680 a multiple of 40?
True
Does 53 divide 1113?
True
Is 22 a factor of 24668?
False
Is 11 a factor of 18654?
False
Is 1389 a multiple of 3?
True
Is 2357 a multiple of 98?
False
Is 7 a factor of 1575?
True
Is 47 a factor of 2926?
False
Is 19398 even?
True
Is 450 a multiple of 10?
True
Is 5494 a multiple of 3?
False
Is 11868 a multiple of 8?
False
Does 2 divide 73?
False
Does 22 divide 508?
False
Is 6 a factor of 678?
True
Does 11 divide 11264?
True
Is 7 a factor of 994?
True
Is 11 a factor of 671?
True
Does 20 divide 72342?
False
Does 6 divide 234?
True
Does 26 divide 3081?
False
Is 91 a factor of 2548?
True
Does 3 divide 69?
True
Is 33488 a multiple of 277?
False
Does 40 divide 22412?
False
Is 9 a factor of 9501?
False
Is 1083 a multiple of 57?
True
Does 22 divide 25451?
False
Is 98 a multiple of 2?
True
Is 4 a factor of 13072?
True
Is 8050 a multiple of 175?
True
Does 252 divide 10121?
False
Is 16823 a multiple of 140?
False
Is 8 a factor of 9296?
True
Is 11 a factor of 924?
True
Is 23186 a multiple of 67?
False
Is 1809 a multiple of 48?
False
Does 40 divide 120?
True
Is 11 a factor of 3270?
False
Is 100 a 